{"id":32,"date":"2020-04-13T11:18:50","date_gmt":"2020-04-13T11:18:50","guid":{"rendered":"https:\/\/grupoacelectric.com\/index.php\/services\/"},"modified":"2024-07-09T23:37:58","modified_gmt":"2024-07-09T23:37:58","slug":"services","status":"publish","type":"page","link":"https:\/\/grupoacelectric.com\/index.php\/services\/","title":{"rendered":"Services"},"content":{"rendered":"\t\t<div data-elementor-type=\"wp-page\" data-elementor-id=\"32\" class=\"elementor elementor-32\">\n\t\t\t\t\t\t\t\t\t<section class=\"elementor-section elementor-top-section elementor-element elementor-element-1b0a5d33 elementor-section-boxed elementor-section-height-default elementor-section-height-default\" data-id=\"1b0a5d33\" data-element_type=\"section\" data-settings=\"{&quot;background_background&quot;:&quot;classic&quot;}\">\n\t\t\t\t\t\t\t<div class=\"elementor-background-overlay\"><\/div>\n\t\t\t\t\t\t\t<div class=\"elementor-container elementor-column-gap-default\">\n\t\t\t\t\t<div class=\"elementor-column elementor-col-100 elementor-top-column elementor-element elementor-element-1f841ba\" data-id=\"1f841ba\" data-element_type=\"column\">\n\t\t\t<div class=\"elementor-widget-wrap elementor-element-populated\">\n\t\t\t\t\t\t\t\t<div class=\"elementor-element elementor-element-365ba0bd elementor-widget elementor-widget-heading\" data-id=\"365ba0bd\" data-element_type=\"widget\" data-widget_type=\"heading.default\">\n\t\t\t\t<div class=\"elementor-widget-container\">\n\t\t\t<style>\/*! elementor - v3.8.1 - 13-11-2022 *\/\n.elementor-heading-title{padding:0;margin:0;line-height:1}.elementor-widget-heading .elementor-heading-title[class*=elementor-size-]>a{color:inherit;font-size:inherit;line-height:inherit}.elementor-widget-heading .elementor-heading-title.elementor-size-small{font-size:15px}.elementor-widget-heading .elementor-heading-title.elementor-size-medium{font-size:19px}.elementor-widget-heading .elementor-heading-title.elementor-size-large{font-size:29px}.elementor-widget-heading .elementor-heading-title.elementor-size-xl{font-size:39px}.elementor-widget-heading .elementor-heading-title.elementor-size-xxl{font-size:59px}<\/style><h1 class=\"elementor-heading-title elementor-size-default\">NUESTROS PRODUCTOS<\/h1>\t\t<\/div>\n\t\t\t\t<\/div>\n\t\t\t\t\t<\/div>\n\t\t<\/div>\n\t\t\t\t\t\t\t<\/div>\n\t\t<\/section>\n\t\t\t\t<section class=\"elementor-section elementor-top-section elementor-element elementor-element-4d2c9e9 elementor-reverse-mobile elementor-section-boxed elementor-section-height-default elementor-section-height-default\" data-id=\"4d2c9e9\" data-element_type=\"section\">\n\t\t\t\t\t\t<div class=\"elementor-container elementor-column-gap-no\">\n\t\t\t\t\t<div class=\"elementor-column elementor-col-50 elementor-top-column elementor-element elementor-element-1148300\" data-id=\"1148300\" data-element_type=\"column\">\n\t\t\t<div class=\"elementor-widget-wrap elementor-element-populated\">\n\t\t\t\t\t\t\t\t<div class=\"elementor-element elementor-element-f142ca0 elementor-position-top elementor-vertical-align-top elementor-widget elementor-widget-image-box\" data-id=\"f142ca0\" data-element_type=\"widget\" data-widget_type=\"image-box.default\">\n\t\t\t\t<div class=\"elementor-widget-container\">\n\t\t\t<style>\/*! elementor - v3.8.1 - 13-11-2022 *\/\n.elementor-widget-image-box .elementor-image-box-content{width:100%}@media (min-width:768px){.elementor-widget-image-box.elementor-position-left .elementor-image-box-wrapper,.elementor-widget-image-box.elementor-position-right .elementor-image-box-wrapper{display:-webkit-box;display:-ms-flexbox;display:flex}.elementor-widget-image-box.elementor-position-right .elementor-image-box-wrapper{text-align:right;-webkit-box-orient:horizontal;-webkit-box-direction:reverse;-ms-flex-direction:row-reverse;flex-direction:row-reverse}.elementor-widget-image-box.elementor-position-left .elementor-image-box-wrapper{text-align:left;-webkit-box-orient:horizontal;-webkit-box-direction:normal;-ms-flex-direction:row;flex-direction:row}.elementor-widget-image-box.elementor-position-top .elementor-image-box-img{margin:auto}.elementor-widget-image-box.elementor-vertical-align-top .elementor-image-box-wrapper{-webkit-box-align:start;-ms-flex-align:start;align-items:flex-start}.elementor-widget-image-box.elementor-vertical-align-middle .elementor-image-box-wrapper{-webkit-box-align:center;-ms-flex-align:center;align-items:center}.elementor-widget-image-box.elementor-vertical-align-bottom .elementor-image-box-wrapper{-webkit-box-align:end;-ms-flex-align:end;align-items:flex-end}}@media (max-width:767px){.elementor-widget-image-box .elementor-image-box-img{margin-left:auto!important;margin-right:auto!important;margin-bottom:15px}}.elementor-widget-image-box .elementor-image-box-img{display:inline-block}.elementor-widget-image-box .elementor-image-box-title a{color:inherit}.elementor-widget-image-box .elementor-image-box-wrapper{text-align:center}.elementor-widget-image-box .elementor-image-box-description{margin:0}<\/style><div class=\"elementor-image-box-wrapper\"><div class=\"elementor-image-box-content\"><h2 class=\"elementor-image-box-title\">Elementos de Protecci\u00f3n<\/h2><p class=\"elementor-image-box-description\">Equipos de de baja tensi\u00f3n para conectar, proteger y controlar motores e instalaciones el\u00e9ctricas.<br><br>Variedad de marcas entre ABB, LS Electric, CNC, entre otras <span style=\"color: rgb(15, 15, 15); font-family: ABBVoice-Light, &quot;Zico Sans Hebrew&quot;, ABBVoiceWKR; white-space-collapse: collapse; background-color: rgb(254, 254, 254);\">&nbsp;<\/span><br><br>- Breaker de caja moldeada de 15A hasta 1600A.<br>- Contactores de 9A hasta 800A, diferentes voltajes de bobinas.<br>- Guardamotores trif\u00e1sicos de 0.6A hasta 100A.<br>- Automatos de 1, 2 y 3 polos de 1A hasta 125A.<\/p><\/div><\/div>\t\t<\/div>\n\t\t\t\t<\/div>\n\t\t\t\t\t<\/div>\n\t\t<\/div>\n\t\t\t\t<div class=\"elementor-column elementor-col-50 elementor-top-column elementor-element elementor-element-7285665\" data-id=\"7285665\" data-element_type=\"column\">\n\t\t\t<div class=\"elementor-widget-wrap elementor-element-populated\">\n\t\t\t\t\t\t\t\t<div class=\"elementor-element elementor-element-508aa5f0 elementor-widget elementor-widget-image\" data-id=\"508aa5f0\" data-element_type=\"widget\" data-widget_type=\"image.default\">\n\t\t\t\t<div class=\"elementor-widget-container\">\n\t\t\t<style>\/*! elementor - v3.8.1 - 13-11-2022 *\/\n.elementor-widget-image{text-align:center}.elementor-widget-image a{display:inline-block}.elementor-widget-image a img[src$=\".svg\"]{width:48px}.elementor-widget-image img{vertical-align:middle;display:inline-block}<\/style>\t\t\t\t\t\t\t\t\t\t\t\t<img loading=\"lazy\" decoding=\"async\" width=\"500\" height=\"500\" src=\"https:\/\/grupoacelectric.com\/wp-content\/uploads\/2024\/07\/CONTACTOR.png\" class=\"attachment-large size-large\" alt=\"\" srcset=\"https:\/\/grupoacelectric.com\/wp-content\/uploads\/2024\/07\/CONTACTOR.png 500w, https:\/\/grupoacelectric.com\/wp-content\/uploads\/2024\/07\/CONTACTOR-300x300.png 300w, https:\/\/grupoacelectric.com\/wp-content\/uploads\/2024\/07\/CONTACTOR-150x150.png 150w\" sizes=\"auto, (max-width: 500px) 100vw, 500px\" \/>\t\t\t\t\t\t\t\t\t\t\t\t\t\t\t<\/div>\n\t\t\t\t<\/div>\n\t\t\t\t\t<\/div>\n\t\t<\/div>\n\t\t\t\t\t\t\t<\/div>\n\t\t<\/section>\n\t\t\t\t<section class=\"elementor-section elementor-top-section elementor-element elementor-element-9e09982 elementor-section-boxed elementor-section-height-default elementor-section-height-default\" data-id=\"9e09982\" data-element_type=\"section\">\n\t\t\t\t\t\t<div class=\"elementor-container elementor-column-gap-no\">\n\t\t\t\t\t<div class=\"elementor-column elementor-col-50 elementor-top-column elementor-element elementor-element-4b9de95\" data-id=\"4b9de95\" data-element_type=\"column\">\n\t\t\t<div class=\"elementor-widget-wrap elementor-element-populated\">\n\t\t\t\t\t\t\t\t<div class=\"elementor-element elementor-element-1fab74e0 elementor-widget elementor-widget-image\" data-id=\"1fab74e0\" data-element_type=\"widget\" data-widget_type=\"image.default\">\n\t\t\t\t<div class=\"elementor-widget-container\">\n\t\t\t\t\t\t\t\t\t\t\t\t\t\t\t<img loading=\"lazy\" decoding=\"async\" width=\"660\" height=\"416\" src=\"https:\/\/grupoacelectric.com\/wp-content\/uploads\/2022\/11\/variadores.jpg\" class=\"attachment-large size-large\" alt=\"\" srcset=\"https:\/\/grupoacelectric.com\/wp-content\/uploads\/2022\/11\/variadores.jpg 660w, https:\/\/grupoacelectric.com\/wp-content\/uploads\/2022\/11\/variadores-300x189.jpg 300w\" sizes=\"auto, (max-width: 660px) 100vw, 660px\" \/>\t\t\t\t\t\t\t\t\t\t\t\t\t\t\t<\/div>\n\t\t\t\t<\/div>\n\t\t\t\t\t<\/div>\n\t\t<\/div>\n\t\t\t\t<div class=\"elementor-column elementor-col-50 elementor-top-column elementor-element elementor-element-ddc17dc\" data-id=\"ddc17dc\" data-element_type=\"column\">\n\t\t\t<div class=\"elementor-widget-wrap elementor-element-populated\">\n\t\t\t\t\t\t\t\t<div class=\"elementor-element elementor-element-5fd89a9 elementor-vertical-align-middle elementor-widget__width-initial elementor-position-top elementor-widget elementor-widget-image-box\" data-id=\"5fd89a9\" data-element_type=\"widget\" data-widget_type=\"image-box.default\">\n\t\t\t\t<div class=\"elementor-widget-container\">\n\t\t\t<div class=\"elementor-image-box-wrapper\"><div class=\"elementor-image-box-content\"><h2 class=\"elementor-image-box-title\">Variadores de Frecuencia<\/h2><p class=\"elementor-image-box-description\">El variador de frecuencia regula la velocidad de motores el\u00e9ctricos para que la electricidad que llega al motor se ajuste a la demanda real de la aplicaci\u00f3n, reduciendo el consumo energ\u00e9tico del motor entre un 20 y un 70%.<br> \n<br>Las marcas LS Electric y Fuji tienen una variedad de modelos adecuados para cada aplicaci\u00f3n.<br> \n<br>Variadores de frecuencia monof\u00e1sicos de 1hp hasta 3hp. Variadores de frecuencia trif\u00e1sicos de 1hp hasta 100hp.\n<\/p><\/div><\/div>\t\t<\/div>\n\t\t\t\t<\/div>\n\t\t\t\t\t<\/div>\n\t\t<\/div>\n\t\t\t\t\t\t\t<\/div>\n\t\t<\/section>\n\t\t\t\t<section class=\"elementor-section elementor-top-section elementor-element elementor-element-6027d0f elementor-reverse-mobile elementor-section-boxed elementor-section-height-default elementor-section-height-default\" data-id=\"6027d0f\" data-element_type=\"section\">\n\t\t\t\t\t\t<div class=\"elementor-container elementor-column-gap-no\">\n\t\t\t\t\t<div class=\"elementor-column elementor-col-50 elementor-top-column elementor-element elementor-element-355c572\" data-id=\"355c572\" data-element_type=\"column\">\n\t\t\t<div class=\"elementor-widget-wrap elementor-element-populated\">\n\t\t\t\t\t\t\t\t<div class=\"elementor-element elementor-element-feeaa45 elementor-position-top elementor-vertical-align-top elementor-widget elementor-widget-image-box\" data-id=\"feeaa45\" data-element_type=\"widget\" data-widget_type=\"image-box.default\">\n\t\t\t\t<div class=\"elementor-widget-container\">\n\t\t\t<div class=\"elementor-image-box-wrapper\"><div class=\"elementor-image-box-content\"><h2 class=\"elementor-image-box-title\">Arrancadores Suaves<\/h2><p class=\"elementor-image-box-description\">El arrancador suave es un equipo el\u00e9ctrico que suaviza la curva de arranque en el motor evitando el pico de corriente al inicio de trabajo. Los arrancadores suaves aumentan la vida \u00fatil del motor al protegerlo de las tensiones el\u00e9ctricas. Gracias a las numerosas funciones de protecci\u00f3n del motor integradas.<br><br>Aucom es una marca especialista en arrancadores suaves de baja y media tensi\u00f3n con capacidades desde 15 Amp hasta 1200 Amp con control 2 y 3 fases de acuerdo a las necesidades de la aplicaci\u00f3n.<\/p><\/div><\/div>\t\t<\/div>\n\t\t\t\t<\/div>\n\t\t\t\t\t<\/div>\n\t\t<\/div>\n\t\t\t\t<div class=\"elementor-column elementor-col-50 elementor-top-column elementor-element elementor-element-623a32c\" data-id=\"623a32c\" data-element_type=\"column\">\n\t\t\t<div class=\"elementor-widget-wrap elementor-element-populated\">\n\t\t\t\t\t\t\t\t<div class=\"elementor-element elementor-element-628e670 elementor-widget elementor-widget-image\" data-id=\"628e670\" data-element_type=\"widget\" data-widget_type=\"image.default\">\n\t\t\t\t<div class=\"elementor-widget-container\">\n\t\t\t\t\t\t\t\t\t\t\t\t\t\t\t<img loading=\"lazy\" decoding=\"async\" width=\"800\" height=\"515\" src=\"https:\/\/grupoacelectric.com\/wp-content\/uploads\/2024\/07\/emx4i.jpg\" class=\"attachment-large size-large\" alt=\"\" srcset=\"https:\/\/grupoacelectric.com\/wp-content\/uploads\/2024\/07\/emx4i.jpg 800w, https:\/\/grupoacelectric.com\/wp-content\/uploads\/2024\/07\/emx4i-300x193.jpg 300w, https:\/\/grupoacelectric.com\/wp-content\/uploads\/2024\/07\/emx4i-768x494.jpg 768w\" sizes=\"auto, (max-width: 800px) 100vw, 800px\" \/>\t\t\t\t\t\t\t\t\t\t\t\t\t\t\t<\/div>\n\t\t\t\t<\/div>\n\t\t\t\t\t<\/div>\n\t\t<\/div>\n\t\t\t\t\t\t\t<\/div>\n\t\t<\/section>\n\t\t\t\t<section class=\"elementor-section elementor-top-section elementor-element elementor-element-11c9b5e elementor-section-content-middle elementor-section-boxed elementor-section-height-default elementor-section-height-default\" data-id=\"11c9b5e\" data-element_type=\"section\" data-settings=\"{&quot;background_background&quot;:&quot;classic&quot;}\">\n\t\t\t\t\t\t<div class=\"elementor-container elementor-column-gap-no\">\n\t\t\t\t\t<div class=\"elementor-column elementor-col-50 elementor-top-column elementor-element elementor-element-fbe2573\" data-id=\"fbe2573\" data-element_type=\"column\">\n\t\t\t<div class=\"elementor-widget-wrap elementor-element-populated\">\n\t\t\t\t\t\t\t\t<div class=\"elementor-element elementor-element-5184660 elementor-widget elementor-widget-image\" data-id=\"5184660\" data-element_type=\"widget\" data-widget_type=\"image.default\">\n\t\t\t\t<div class=\"elementor-widget-container\">\n\t\t\t\t\t\t\t\t\t\t\t\t\t\t\t<img decoding=\"async\" src=\"https:\/\/grupoacelectric.com\/wp-content\/plugins\/elementor\/assets\/images\/placeholder.png\" title=\"\" alt=\"\" \/>\t\t\t\t\t\t\t\t\t\t\t\t\t\t\t<\/div>\n\t\t\t\t<\/div>\n\t\t\t\t\t<\/div>\n\t\t<\/div>\n\t\t\t\t<div class=\"elementor-column elementor-col-50 elementor-top-column elementor-element elementor-element-9eef94b\" data-id=\"9eef94b\" data-element_type=\"column\">\n\t\t\t<div class=\"elementor-widget-wrap elementor-element-populated\">\n\t\t\t\t\t\t\t\t<div class=\"elementor-element elementor-element-421012b elementor-vertical-align-middle elementor-position-top elementor-widget elementor-widget-image-box\" data-id=\"421012b\" data-element_type=\"widget\" data-widget_type=\"image-box.default\">\n\t\t\t\t<div class=\"elementor-widget-container\">\n\t\t\t<div class=\"elementor-image-box-wrapper\"><figure class=\"elementor-image-box-img\"><img decoding=\"async\" src=\"https:\/\/grupoacelectric.com\/wp-content\/plugins\/elementor\/assets\/images\/placeholder.png\" title=\"\" alt=\"\" \/><\/figure><div class=\"elementor-image-box-content\"><h2 class=\"elementor-image-box-title\">Elementos de Control<\/h2><p class=\"elementor-image-box-description\">Controles de temperatura y humedad, diferentes entradas y salidas.<br>\n<br>Sensores de proximidad tipo inductivos, capacitivos, magn\u00e9ticos, fotoel\u00e9ctricos.<br>\n<br>Fuentes conmutadas de 5, 12 y 24 VDC, diferentes potencias.<br>\n<br>Monitores de par\u00e1metros el\u00e9ctricos y analizadores de red.<br>\n<br>Controles de nivel y electrodos.<\/p><\/div><\/div>\t\t<\/div>\n\t\t\t\t<\/div>\n\t\t\t\t\t<\/div>\n\t\t<\/div>\n\t\t\t\t\t\t\t<\/div>\n\t\t<\/section>\n\t\t\t\t<section class=\"elementor-section elementor-top-section elementor-element elementor-element-4d36b45 elementor-section-content-middle elementor-section-boxed elementor-section-height-default elementor-section-height-default\" data-id=\"4d36b45\" data-element_type=\"section\" data-settings=\"{&quot;background_background&quot;:&quot;classic&quot;}\">\n\t\t\t\t\t\t<div class=\"elementor-container elementor-column-gap-no\">\n\t\t\t\t\t<div class=\"elementor-column elementor-col-100 elementor-top-column elementor-element elementor-element-ba47b23\" data-id=\"ba47b23\" data-element_type=\"column\">\n\t\t\t<div class=\"elementor-widget-wrap elementor-element-populated\">\n\t\t\t\t\t\t\t\t<div class=\"elementor-element elementor-element-7a6f431 elementor-position-top elementor-vertical-align-top elementor-widget elementor-widget-image-box\" data-id=\"7a6f431\" data-element_type=\"widget\" data-widget_type=\"image-box.default\">\n\t\t\t\t<div class=\"elementor-widget-container\">\n\t\t\t<div class=\"elementor-image-box-wrapper\"><figure class=\"elementor-image-box-img\"><img decoding=\"async\" src=\"https:\/\/grupoacelectric.com\/wp-content\/plugins\/elementor\/assets\/images\/placeholder.png\" title=\"\" alt=\"\" \/><\/figure><div class=\"elementor-image-box-content\"><h3 class=\"elementor-image-box-title\">Este es el encabezado<\/h3><p class=\"elementor-image-box-description\">Lorem ipsum dolor sit amet, consectetur adipiscing elit. Ut elit tellus, luctus nec ullamcorper mattis, pulvinar dapibus leo.<\/p><\/div><\/div>\t\t<\/div>\n\t\t\t\t<\/div>\n\t\t\t\t\t<\/div>\n\t\t<\/div>\n\t\t\t\t\t\t\t<\/div>\n\t\t<\/section>\n\t\t\t\t\t\t\t<\/div>\n\t\t","protected":false},"excerpt":{"rendered":"<p>NUESTROS PRODUCTOS Elementos de Protecci\u00f3n Equipos de de baja tensi\u00f3n para conectar, proteger y controlar motores e instalaciones el\u00e9ctricas. Variedad de marcas entre ABB, LS Electric, CNC, entre otras &nbsp; &#8211; Breaker de caja moldeada de 15A hasta 1600A.&#8211; Contactores de 9A hasta 800A, diferentes voltajes de bobinas.&#8211; Guardamotores trif\u00e1sicos de 0.6A hasta 100A.&#8211; Automatos &hellip;<\/p>\n<p class=\"read-more\"> <a class=\"\" href=\"https:\/\/grupoacelectric.com\/index.php\/services\/\"> <span class=\"screen-reader-text\">Services<\/span> Read More &raquo;<\/a><\/p>\n","protected":false},"author":1,"featured_media":0,"parent":0,"menu_order":0,"comment_status":"closed","ping_status":"closed","template":"","meta":{"site-sidebar-layout":"no-sidebar","site-content-layout":"page-builder","ast-global-header-display":"","ast-main-header-display":"","ast-hfb-above-header-display":"","ast-hfb-below-header-display":"","ast-hfb-mobile-header-display":"","site-post-title":"disabled","ast-breadcrumbs-content":"","ast-featured-img":"","footer-sml-layout":"","theme-transparent-header-meta":"enabled","adv-header-id-meta":"","stick-header-meta":"","header-above-stick-meta":"","header-main-stick-meta":"","header-below-stick-meta":"","footnotes":""},"class_list":["post-32","page","type-page","status-publish","hentry"],"yoast_head":"<!-- This site is optimized with the Yoast SEO plugin v19.10 - https:\/\/yoast.com\/wordpress\/plugins\/seo\/ -->\n<title>Services - AC ELECTRIC<\/title>\n<meta name=\"robots\" content=\"index, follow, max-snippet:-1, max-image-preview:large, max-video-preview:-1\" \/>\n<link rel=\"canonical\" href=\"https:\/\/grupoacelectric.com\/index.php\/services\/\" \/>\n<meta property=\"og:locale\" content=\"es_ES\" \/>\n<meta property=\"og:type\" content=\"article\" \/>\n<meta property=\"og:title\" content=\"Services - AC ELECTRIC\" \/>\n<meta property=\"og:description\" content=\"NUESTROS PRODUCTOS Elementos de Protecci\u00f3n Equipos de de baja tensi\u00f3n para conectar, proteger y controlar motores e instalaciones el\u00e9ctricas. Variedad de marcas entre ABB, LS Electric, CNC, entre otras &nbsp; &#8211; Breaker de caja moldeada de 15A hasta 1600A.&#8211; Contactores de 9A hasta 800A, diferentes voltajes de bobinas.&#8211; Guardamotores trif\u00e1sicos de 0.6A hasta 100A.&#8211; Automatos &hellip; Services Read More &raquo;\" \/>\n<meta property=\"og:url\" content=\"https:\/\/grupoacelectric.com\/index.php\/services\/\" \/>\n<meta property=\"og:site_name\" content=\"AC ELECTRIC\" \/>\n<meta property=\"article:modified_time\" content=\"2024-07-09T23:37:58+00:00\" \/>\n<meta property=\"og:image\" content=\"https:\/\/grupoacelectric.com\/wp-content\/uploads\/2024\/07\/CONTACTOR.png\" \/>\n<meta name=\"twitter:card\" content=\"summary_large_image\" \/>\n<meta name=\"twitter:label1\" content=\"Est. reading time\" \/>\n\t<meta name=\"twitter:data1\" content=\"2 minutos\" \/>\n<script type=\"application\/ld+json\" class=\"yoast-schema-graph\">{\"@context\":\"https:\/\/schema.org\",\"@graph\":[{\"@type\":\"WebPage\",\"@id\":\"https:\/\/grupoacelectric.com\/index.php\/services\/\",\"url\":\"https:\/\/grupoacelectric.com\/index.php\/services\/\",\"name\":\"Services - AC ELECTRIC\",\"isPartOf\":{\"@id\":\"https:\/\/grupoacelectric.com\/#website\"},\"datePublished\":\"2020-04-13T11:18:50+00:00\",\"dateModified\":\"2024-07-09T23:37:58+00:00\",\"breadcrumb\":{\"@id\":\"https:\/\/grupoacelectric.com\/index.php\/services\/#breadcrumb\"},\"inLanguage\":\"es\",\"potentialAction\":[{\"@type\":\"ReadAction\",\"target\":[\"https:\/\/grupoacelectric.com\/index.php\/services\/\"]}]},{\"@type\":\"BreadcrumbList\",\"@id\":\"https:\/\/grupoacelectric.com\/index.php\/services\/#breadcrumb\",\"itemListElement\":[{\"@type\":\"ListItem\",\"position\":1,\"name\":\"Home\",\"item\":\"https:\/\/grupoacelectric.com\/\"},{\"@type\":\"ListItem\",\"position\":2,\"name\":\"Services\"}]},{\"@type\":\"WebSite\",\"@id\":\"https:\/\/grupoacelectric.com\/#website\",\"url\":\"https:\/\/grupoacelectric.com\/\",\"name\":\"AC ELECTRIC\",\"description\":\"Create Your Website\",\"publisher\":{\"@id\":\"https:\/\/grupoacelectric.com\/#organization\"},\"potentialAction\":[{\"@type\":\"SearchAction\",\"target\":{\"@type\":\"EntryPoint\",\"urlTemplate\":\"https:\/\/grupoacelectric.com\/?s={search_term_string}\"},\"query-input\":\"required name=search_term_string\"}],\"inLanguage\":\"es\"},{\"@type\":\"Organization\",\"@id\":\"https:\/\/grupoacelectric.com\/#organization\",\"name\":\"AC ELECTRIC\",\"url\":\"https:\/\/grupoacelectric.com\/\",\"logo\":{\"@type\":\"ImageObject\",\"inLanguage\":\"es\",\"@id\":\"https:\/\/grupoacelectric.com\/#\/schema\/logo\/image\/\",\"url\":\"https:\/\/grupoacelectric.com\/wp-content\/uploads\/2022\/11\/logo.png\",\"contentUrl\":\"https:\/\/grupoacelectric.com\/wp-content\/uploads\/2022\/11\/logo.png\",\"width\":960,\"height\":996,\"caption\":\"AC ELECTRIC\"},\"image\":{\"@id\":\"https:\/\/grupoacelectric.com\/#\/schema\/logo\/image\/\"}}]}<\/script>\n<!-- \/ Yoast SEO plugin. -->","yoast_head_json":{"title":"Services - AC ELECTRIC","robots":{"index":"index","follow":"follow","max-snippet":"max-snippet:-1","max-image-preview":"max-image-preview:large","max-video-preview":"max-video-preview:-1"},"canonical":"https:\/\/grupoacelectric.com\/index.php\/services\/","og_locale":"es_ES","og_type":"article","og_title":"Services - AC ELECTRIC","og_description":"NUESTROS PRODUCTOS Elementos de Protecci\u00f3n Equipos de de baja tensi\u00f3n para conectar, proteger y controlar motores e instalaciones el\u00e9ctricas. Variedad de marcas entre ABB, LS Electric, CNC, entre otras &nbsp; &#8211; Breaker de caja moldeada de 15A hasta 1600A.&#8211; Contactores de 9A hasta 800A, diferentes voltajes de bobinas.&#8211; Guardamotores trif\u00e1sicos de 0.6A hasta 100A.&#8211; Automatos &hellip; Services Read More &raquo;","og_url":"https:\/\/grupoacelectric.com\/index.php\/services\/","og_site_name":"AC ELECTRIC","article_modified_time":"2024-07-09T23:37:58+00:00","og_image":[{"url":"https:\/\/grupoacelectric.com\/wp-content\/uploads\/2024\/07\/CONTACTOR.png"}],"twitter_card":"summary_large_image","twitter_misc":{"Est. reading time":"2 minutos"},"schema":{"@context":"https:\/\/schema.org","@graph":[{"@type":"WebPage","@id":"https:\/\/grupoacelectric.com\/index.php\/services\/","url":"https:\/\/grupoacelectric.com\/index.php\/services\/","name":"Services - AC ELECTRIC","isPartOf":{"@id":"https:\/\/grupoacelectric.com\/#website"},"datePublished":"2020-04-13T11:18:50+00:00","dateModified":"2024-07-09T23:37:58+00:00","breadcrumb":{"@id":"https:\/\/grupoacelectric.com\/index.php\/services\/#breadcrumb"},"inLanguage":"es","potentialAction":[{"@type":"ReadAction","target":["https:\/\/grupoacelectric.com\/index.php\/services\/"]}]},{"@type":"BreadcrumbList","@id":"https:\/\/grupoacelectric.com\/index.php\/services\/#breadcrumb","itemListElement":[{"@type":"ListItem","position":1,"name":"Home","item":"https:\/\/grupoacelectric.com\/"},{"@type":"ListItem","position":2,"name":"Services"}]},{"@type":"WebSite","@id":"https:\/\/grupoacelectric.com\/#website","url":"https:\/\/grupoacelectric.com\/","name":"AC ELECTRIC","description":"Create Your Website","publisher":{"@id":"https:\/\/grupoacelectric.com\/#organization"},"potentialAction":[{"@type":"SearchAction","target":{"@type":"EntryPoint","urlTemplate":"https:\/\/grupoacelectric.com\/?s={search_term_string}"},"query-input":"required name=search_term_string"}],"inLanguage":"es"},{"@type":"Organization","@id":"https:\/\/grupoacelectric.com\/#organization","name":"AC ELECTRIC","url":"https:\/\/grupoacelectric.com\/","logo":{"@type":"ImageObject","inLanguage":"es","@id":"https:\/\/grupoacelectric.com\/#\/schema\/logo\/image\/","url":"https:\/\/grupoacelectric.com\/wp-content\/uploads\/2022\/11\/logo.png","contentUrl":"https:\/\/grupoacelectric.com\/wp-content\/uploads\/2022\/11\/logo.png","width":960,"height":996,"caption":"AC ELECTRIC"},"image":{"@id":"https:\/\/grupoacelectric.com\/#\/schema\/logo\/image\/"}}]}},"_links":{"self":[{"href":"https:\/\/grupoacelectric.com\/index.php\/wp-json\/wp\/v2\/pages\/32","targetHints":{"allow":["GET"]}}],"collection":[{"href":"https:\/\/grupoacelectric.com\/index.php\/wp-json\/wp\/v2\/pages"}],"about":[{"href":"https:\/\/grupoacelectric.com\/index.php\/wp-json\/wp\/v2\/types\/page"}],"author":[{"embeddable":true,"href":"https:\/\/grupoacelectric.com\/index.php\/wp-json\/wp\/v2\/users\/1"}],"replies":[{"embeddable":true,"href":"https:\/\/grupoacelectric.com\/index.php\/wp-json\/wp\/v2\/comments?post=32"}],"version-history":[{"count":42,"href":"https:\/\/grupoacelectric.com\/index.php\/wp-json\/wp\/v2\/pages\/32\/revisions"}],"predecessor-version":[{"id":478,"href":"https:\/\/grupoacelectric.com\/index.php\/wp-json\/wp\/v2\/pages\/32\/revisions\/478"}],"wp:attachment":[{"href":"https:\/\/grupoacelectric.com\/index.php\/wp-json\/wp\/v2\/media?parent=32"}],"curies":[{"name":"wp","href":"https:\/\/api.w.org\/{rel}","templated":true}]}}